7292 and 154?
14
What is the greatest common divisor of 13 and 304370287?
13
Calculate the greatest common divisor of 78640 and 2776880.
80
What is the greatest common factor of 184649932 and 1868?
1868
Calculate the greatest common divisor of 30287 and 175801.
31
What is the greatest common factor of 369349 and 118209?
433
Calculate the greatest common factor of 15084 and 1363007.
419
Calculate the greatest common factor of 144143 and 947563.
2363
Calculate the greatest common factor of 414 and 5934006.
18
What is the greatest common factor of 25 and 622869850?
25
What is the highest common factor of 20 and 39945970?
10
Calculate the greatest common divisor of 4179 and 14130592.
1393
What is the highest common divisor of 1547234 and 2834?
26
What is the greatest common factor of 14695 and 4645?
5
Calculate the highest common divisor of 79 and 203819052.
79
What is the greatest common divisor of 1378835694 and 153?
153
What is the greatest common divisor of 130 and 2337855?
65
What is the highest common factor of 27977145 and 21?
21
Calculate the greatest common factor of 72868480 and 123.
41
Calculate the greatest common factor of 180443390 and 1497.
499
What is the greatest common divisor of 758564 and 1988?
284
Calculate the greatest common divisor of 11648436 and 36019.
181
Calculate the highest common factor of 313 and 6024192686.
313
Calculate the highest common factor of 1419147 and 11745.
27
What is the highest common factor of 136627 and 371953?
431
Calculate the highest common factor of 14674 and 21472.
22
What is the highest common divisor of 536153475 and 275?
275
What is the highest common factor of 8744492 and 1662724?
5524
Calculate the greatest common divisor of 151488 and 207936.
576
Calculate the highest common divisor of 171 and 21190966.
19
What is the highest common divisor of 5486046 and 12792?
246
Calculate the highest common divisor of 843455 and 241145.
85
Calculate the highest common factor of 2184 and 2705247636.
1092
What is the greatest common factor of 2299 and 160567?
121
Calculate the greatest common divisor of 178626 and 20496.
42
What is the greatest common divisor of 666 and 2544897?
111
What is the greatest common divisor of 1402485 and 3199?
7
What is the highest common divisor of 183269954 and 791?
791
Calculate the highest common divisor of 31 and 436855751.
31
What is the greatest common divisor of 1446 and 57110493?
723
Calculate the greatest common factor of 52 and 43391.
1
What is the greatest common factor of 1053670 and 100?
10
What is the greatest common divisor of 9870 and 286818?
42
What is the highest common divisor of 33927 and 52863?
789
Calculate the highest common factor of 46986 and 18368088.
1146
What is the highest common divisor of 15850 and 82144210?
3170
Calculate the greatest common divisor of 632 and 64700.
4
What is the highest common divisor of 36305 and 19699093?
7261
What is the greatest common divisor of 56 and 156384508?
28
What is the highest common divisor of 275494008 and 444?
444
What is the greatest common divisor of 443688 and 5823006?
798
Calculate the highest common factor of 67336955 and 23585.
445
Calculate the highest common factor of 434 and 34463940.
434
Calculate the greatest common factor of 238 and 105063026.
34
Calculate the greatest common factor of 2211284 and 64.
4
Calculate the greatest common factor of 6 and 17020446.
6
Calculate the greatest common factor of 14780443 and 14681.
277
Calculate the highest common factor of 1134 and 19953402.
42
Calculate the greatest common factor of 6380390 and 1824.
38
What is the highest common factor of 149677101 and 21?
21
Calculate the highest common divisor of 3662271 and 1706875.
2731
What is the greatest common divisor of 2166 and 8385840?
114
Calculate the highest common divisor of 1498 and 1324288.
14
What is the greatest common factor of 2048852 and 576600?
3844
What is the highest common factor of 8025 and 1796637?
321
What is the greatest common divisor of 11 and 639354133?
11
Calculate the greatest common factor of 69736065 and 948.
237
Calculate the highest common divisor of 2968730 and 390065.
1765
What is the greatest common divisor of 819269 and 1271468?
781
Calculate the greatest common factor of 20 and 37605970.
10
Calculate the greatest common factor of 52157 and 149675688.
7451
What is the highest common divisor of 1000 and 448040200?
200
Calculate the highest common factor of 12919 and 1219786142.
12919
What is the greatest common divisor of 72 and 239282136?
72
Calculate the highest common divisor of 39771 and 3105.
27
Calculate the highest common factor of 706437925 and 2445.
815
What is the greatest common divisor of 12480 and 8320312?
104
Calculate the greatest common factor of 21464172 and 108.
36
What is the greatest common factor of 2587182 and 52234?
1066
Calculate the greatest common factor of 12274983 and 1701.
567
Calculate the highest common divisor of 243628 and 636416.
4972
What is the highest common divisor of 115 and 1554547?
23
What is the highest common factor of 4060 and 16046135?
1015
What is the highest common divisor of 354 and 126219939?
177
Calculate the highest common divisor of 72638016 and 132.
132
What is the highest common divisor of 247 and 994747?
13
Calculate the greatest common factor of 1293281 and 880.
11
Calculate the greatest common factor of 137701135 and 95264.
2977
What is the greatest common divisor of 1515 and 19942320?
15
Calculate the greatest common factor of 1043068 and 231450.
3086
Calculate the highest common factor of 1757 and 64915879.
1757
What is the greatest common factor of 50721 and 206712?
957
What is the highest common divisor of 1967868408 and 132?
132
Calculate the highest common divisor of 7394 and 1510431532.
7394
Calculate the highest common factor of 5048282 and 159662.
1646
Calculate the greatest common divisor of 19144 and 2467183.
2393
Calculate the highest common divisor of 23244 and 49021.
149
Calculate the greatest common divisor of 87443615 and 1526.
763
What is the highest common factor of 78 and 2482420863?
39
What is the highest common divisor of 8932385 and 805?
35
What is the highest common divisor of 66742 and 952289?
221
What is the highest common factor of 44505 and 421613?
23
Calculate the greatest common divisor of 106626 and 962.
26
What is the highest common divisor of 46718 and 20994274?
994
What is the greatest common divisor of 2053974 and 99348?
102
What is the greatest common divisor of 53 and 21325663?
53
What is the greatest common divisor of 183578 and 24643?
19
Calculate the greatest common factor of 2490 and 2944290.
30
Calculate the greatest common divisor of 472756 and 12.
4
What is the greatest common factor of 88871 and 75123?
491
What is the greatest common divisor of 13277 and 13345728?
781
Calculate the greatest common factor of 10996800 and 350784.
5568
Calculate the greatest common factor of 38 and 178363431.
19
What is the greatest common divisor of 905881 and 7783?
43
What is the highest common divisor of 2107028 and 836?
44
Calculate the greatest common factor of 5134 and 255813932.
302
Calculate the greatest common divisor of 611626 and 5950.
34
Calculate the highest common divisor of 11650 and 89291425.
5825
What is the greatest common divisor of 118565 and 71721515?
5155
Calculate the greatest common divisor of 321388 and 12.
4
What is the highest common divisor of 941793588 and 27?
27
Calculate the highest common factor of 33098897 and 65.
13
What is the highest common divisor of 979 and 47784011?
979
Calculate the greatest common divisor of 39344 and 147040823.
2459
What is the greatest common factor of 6873196 and 124?
124
What is the greatest common factor of 79986765 and 255?
15
What is the highest common factor of 34815 and 431970?
165
Calculate the highest common factor of 8029 and 37370.
37
Calculate the highest common factor of 161002 and 3961872.
2038
Calculate the highest common factor of 80945 and 445.
5
What is the greatest common divisor of 3400 and 1584725?
25
What is the greatest common divisor of 12036 and 6034992?
708
What is the greatest common divisor of 26 and 421205837?
13
What is the highest common divisor of 638999 and 10?
1
Calculate the highest common divisor of 602